u. What are the prime factors of h?
2, 257
Let h(f) = -2*f**3 - 44*f**2 - 20*f - 25. Let j be h(-31). Suppose 0 = -45*o + 4427 + j. What are the prime factors of o?
2, 31
Suppose 9*v + 10446 = -11388. List the prime factors of (-18)/(-45) + 0 + v/(-10).
3
Suppose -3*q + 4*x + 102026 = 0, -20*q - x + 68032 = -18*q. What are the prime factors of q?
2, 3, 5669
List the prime factors of 215064/27 - 6/18.
3, 5, 59
Let o be (32/(-10))/((-12)/120). Suppose 0*i = -i - 4, 2*t - 2*i = o. Suppose -250 = -t*x + 7*x. List the prime factors of x.
2, 5
Let s(i) = -5*i**3 + 7*i**2 - 4*i - 6. Let o = 108 + -107. Let y(a) = -a**3 - a**2 + 1. Let f(v) = o*s(v) - 6*y(v). List the prime factors of f(-13).
2, 5
Let y = 45 - 28. Suppose -5*f + y - 7 = 0. Suppose -4*n + 2*n + 119 = 5*v, f*n = -v + 131. List the prime factors of n.
67
Suppose -5*y - 2*w = -217, -4*y - 3*w = -w - 174. Let j = -14 + y. List the prime factors of j.
29
Let o(h) = -h + 9. Let v be o(4). Suppose -f + v*f - 648 = 0. Suppose -5*j + 483 = -f. What are the prime factors of j?
3, 43
Let c(x) = 6*x**2 + 6*x - 14. Let w be c(9). What are the prime factors of (-4)/7 + (-51)/119 + w?
3, 5, 7
Suppose -22 = v - w - 3*w, 5*v + 4*w = 10. Let a(y) = -58*y - 32. What are the prime factors of a(v)?
2, 3, 7
Let r be (2 - 1)/(12/(-24)). Let l be 8 - 0*r/10. What are the prime factors of 36 + (4/(-8))/((-4)/l)?
37
Let b(x) = x**3 + 27*x**2 - 6*x - 77. Suppose 50 = -22*m - 544. List the prime factors of b(m).
5, 17
Suppose -3*c + 0*c = 6, 0 = 5*b - 2*c - 19. Suppose b*y + h - 15 = -3*h, 0 = -5*h. What are the prime factors of 7 - y - (-105 + -1)?
2, 3
Let u = -22853 - -38817. What are the prime factors of u?
2, 13, 307
Suppose -1944239 = -106*i - 81*i. What are the prime factors of i?
37, 281
Let d be (2/(-3))/((-8)/(-48)). Let w(a) = -5*a**2 - 12*a + 11. Let i(o) = -6*o**2 - 13*o + 12. Let n(u) = d*w(u) + 3*i(u). What are the prime factors of n(-8)?
2, 3
Suppose -2428 = -k - 3*f + 4772, 2*k = -5*f + 14394. What are the prime factors of k?
2, 3, 7, 19
List the prime factors of 24957 + 2*(-12 - -16).
5, 4993
Suppose 5*o - 52350 = -5*f, -8*f - 4*o = -9*f + 10480. What are the prime factors of f?
2, 7, 11, 17
Suppose 5*u = -f + 27954, 0 = 2*u - 6*f + 8*f - 11188. What are the prime factors of u?
2, 5, 13, 43
Let g(u) = u**2 - 59*u - 29. Let j be g(-24). Suppose 0 = -15*p + j + 1352. What are the prime factors of p?
13, 17
Suppose -2*g + 4*f + 50 = 0, -65 = -3*g + 6*f - 2*f. Suppose g*j - 11765 - 1765 = 0. List the prime factors of j.
2, 11, 41
Let w = -7871 + 26474. What are the prime factors of w?
3, 13, 53
Let b = 129149 + -77049. What are the prime factors of b?
2, 5, 521
Suppose c = 2*c - 1072. Suppose 8*a = -3*a - 1 + 34. What are the prime factors of ((c/6)/4)/(2/a)?
67
Suppose 735*l + 2*w + 7234 = 737*l, 5*l = 2*w + 18064. What are the prime factors of l?
2, 5, 19
Suppose -559 = 3*w + 1001. Let g = -299 - w. What are the prime factors of g?
13, 17
Let b(x) = 2*x**3 + 17*x**2 - 11*x - 15. Let a be b(-9). Suppose -1244 = -4*n - a*u, 4*n = n + 5*u + 904. List the prime factors of n.
2, 7, 11
Let y be 89/356*(1*-2907 + -1). Let n = -714 - y. What are the prime factors of n?
13
Let t = 1179 + 2909. What are the prime factors of t?
2, 7, 73
Let v(g) = 19*g + 9 - g**2 - 32 + 7. List the prime factors of v(15).
2, 11
Let m(c) = -c**2 - 9*c - 2. Let t be 12/(-9)*11/((-11)/(-6)). Let u be m(t). What are the prime factors of u/12*228 - 3*1?
3, 37
Suppose -8*h + 6*h - 320 = 0. List the prime factors of (-7 - (-4 - 0))/(12/h).
2, 5
Let g(a) = a**2 + 17*a + 67. Let n be g(-7). List the prime factors of 843 + (0 - (n/1 - -8)).
2, 419
Let p(z) = -184*z + 42509. What are the prime factors of p(0)?
42509
Suppose 8183 + 1669 = 13*d - 1744. What are the prime factors of d?
2, 223
Let o(c) = -3*c**2 + c - 1. Let j be 2/(-3)*(420/(-8))/7. Let f(p) = 4*p**2 - p. Let d(t) = j*f(t) + 6*o(t). List the prime factors of d(-5).
3, 13
Let k(m) = -31*m**3 + 17*m**2 + 19*m - 33. What are the prime factors of k(-8)?
5, 11, 61
Suppose -z - 5*n + 138 = -455, 2*n = 3*z - 1864. Let t = -9 + 11. Suppose -t*y - 4*y = -z. What are the prime factors of y?
103
Let s = 10 + -52. Let j = s + 45. Suppose -7*f + 207 = b - j*f, -5*b + 5*f + 1085 = 0. What are the prime factors of b?
5, 43
Let w be (-1065)/25 - (-6)/(-15). Let h = w + 77. Let p = h - -19. What are the prime factors of p?
53
Let w(c) = -18*c**2 + 92*c + 659. Let t(y) = 5*y**2 - 23*y - 165. Let q(g) = 9*t(g) + 2*w(g). List the prime factors of q(-14).
19, 101
Let w be ((-104)/20)/(2/(-5)). Suppose w*x - 42 = 3481. What are the prime factors of x?
271
Let w be 57/(-2) + (-2)/(-4). Let n = 32 + w. List the prime factors of n + -4 + 11 - 4.
7
Suppose 0 = i + 2*f - 13, 0*i + 2*f = -5*i + 25. Let n be (23 - -4)/((-3)/(-112)). Suppose -177 = i*a - n. What are the prime factors of a?
277
Let c = 11 + -1060. Let b = c + 1520. What are the prime factors of b?
3, 157
What are the prime factors of 35/15*2019 + -8?
4703
Suppose 4*k + j - 4644 = 0, -4*k - 3*j = -5*k + 1148. Suppose 5*m + k = 3*o, -5*o + 4*m = 3*m - 1904. What are the prime factors of o?
2, 5, 19
Suppose -4 = j - 7, 2*a = j + 5. Suppose a*v = -3*l - 1054, 3*l - 4*l + 2*v = 348. Let x = 533 + l. What are the prime factors of x?
3, 61
Suppose -25*i = -21*i - k - 61477, 2*k = 5*i - 76841. What are the prime factors of i?
19, 809
Suppose p = 2*k - 28827, 23*k + p - 72078 = 18*k. List the prime factors of k.
3, 5, 31
Let b be 2/6*(2 + 1 + 6). Suppose -b*k + 264 = 3*s - 57, -5*s + 5*k + 495 = 0. Suppose 2*r = -4*f + 392, -f - 4*r + r + s = 0. What are the prime factors of f?
97
Suppose 2*j + 2304 = 3*j + 3*v, -13824 = -6*j + 5*v. What are the prime factors of j?
2, 3
Let n be 0 - 39*-3 - -3. Let v = n - 279. Let f = -111 - v. What are the prime factors of f?
2, 3
Let x(t) = -101*t - 4. Let o be x(-5). Let h be 1*(7/(-7) + 1398). Suppose -o + h = 7*d. What are the prime factors of d?
2
Suppose 4*l + 2*n - 266 = -l, l - 64 = 5*n. Let p = 27 - l. What are the prime factors of (-2394)/p + 6/(-9)?
2, 11
Let p(o) = 15*o**2 - 99*o + 508. List the prime factors of p(-41).
2, 14891
Let s(p) be the third derivative of -p**6/120 - 2*p**5/15 - p**4/12 - 2*p**3 - 23*p**2. Let j be s(-8). List the prime factors of 1750/28 - (-2)/j.
3, 7
Let j(k) = -k**2 + k + 4. Let h be j(0). Suppose h*l + 4488 = 10*l. What are the prime factors of l?
2, 11, 17
Suppose 6*v = 3*v - 807. Let h(w) = 47*w - 814. Let g be h(7). Let i = v - g. What are the prime factors of i?
2, 3
Suppose 37130 = 54*n - 146956. What are the prime factors of n?
7, 487
Suppose f + f = 10. Let v be (-2)/(-10) - (f - (-552)/(-15)). Suppose v = g - 1. List the prime factors of g.
3, 11
Let u be (6/(-4))/(74/20 - 4). Suppose -n + 4*n - p = 2741, n + u*p - 919 = 0. List the prime factors of n.
2, 457
Let y be (42 - (-8)/(-4)) + -5. Suppose 4*d - 436 = -4*w, 0 = -0*w - 5*w - 4*d + 541. Let f = w + y. What are the prime factors of f?
2, 5, 7
Let t be (-1983)/(-9)*6 - 12/6. Suppose 5*l + 17*d = 18*d + 6704, 0 = -l - 5*d + t. List the prime factors of l.
2, 5, 67
Let b(s) = 39*s**2 + 2*s + 3. Let v be b(-2). Suppose 2*j + 10*t = 13*t + 1, 2*j = 4*t. Suppose v = 3*h + j*c, 3*h = -h - c + 210. List the prime factors of h.
53
Suppose -5*m - 2*m = -749. Suppose -1826 = -3*y - m. What are the prime factors of y?
3, 191
Let y(f) = 6*f - 4 + 2 + 3*f. Suppose -2*v + 2 + 20 = 0. List the prime factors of y(v).
97
Let r(w) = 343*w**2 - 7*w + 58. List the prime factors of r(4).
2, 31, 89
Suppose -11*b - 8534 = 21*b - 110038. What are the prime factors of b?
2, 13, 61
Suppose 0 = -140*p + 141*p - 8. Suppose -p*g + 4485 + 6227 = 0. What are the prime factors of g?
13, 103
List the prime factors of ((2788/24)/(-17))/(0 + (-2)/228).
19, 41
Suppose 3*r = -1521*z + 1525*z + 28135, 0 = 4*z + 16. List the prime factors of r.
7, 13, 103
Suppose 4*a = 2*l - 8980 - 1776, -4*l - 3*a = -21468. List the prime factors of l.
2, 3, 5, 179
Suppose h - 6318 = 4*k, h - 5*k = -8*k + 6332. What are the prime factors of h?
2, 3163
Let u(n) = 7*n**3 + 12*n**2 - 155*n + 3. List the prime factors of u(10).
6653
Suppose -64*p + 43305 = -90327. What are the prime factors of p?
2, 3, 29
Let r = 8 - 9. Let p be 49 + (r - -1) - (8 - 12). Su